{"id":87,"date":"2018-12-11T09:17:35","date_gmt":"2018-12-11T08:17:35","guid":{"rendered":"http:\/\/konyvtar.zamardi.hu\/?page_id=87"},"modified":"2021-09-15T09:59:00","modified_gmt":"2021-09-15T08:59:00","slug":"dokumentumok","status":"publish","type":"page","link":"https:\/\/konyvtar.zamardi.hu\/?page_id=87","title":{"rendered":"Dokumentumok"},"content":{"rendered":"\r\n<p style=\"text-align: center;\">\u00a0<\/p>\r\n\r\n\r\n\r\n<div class=\"wp-block-file\" style=\"text-align: center;\"><a href=\"http:\/\/konyvtar.zamardi.hu\/wp-content\/uploads\/2018\/12\/Konyvtar-SZMSZ-2018-\u00faj.pdf\">Szervezeti \u00e9s m\u0171k\u00f6d\u00e9si szab\u00e1lyzat<\/a><\/div>\r\n\r\n\r\n\r\n<div class=\"wp-block-file\" style=\"text-align: center;\"><a href=\"http:\/\/konyvtar.zamardi.hu\/wp-content\/uploads\/2018\/12\/Panaszkezel\u00e9si-Szab\u00e1lyzat.pdf\">Panaszkezel\u00e9si Szab\u00e1lyzat<\/a><\/div>\r\n\r\n\r\n\r\n<div class=\"wp-block-file\" style=\"text-align: center;\"><a href=\"http:\/\/konyvtar.zamardi.hu\/wp-content\/uploads\/2018\/12\/Fenntart\u00f3i-Nyilatkozat.pdf\">Fenntart\u00f3i Nyilatkozat<\/a><br \/><a href=\"http:\/\/konyvtar.zamardi.hu\/wp-content\/uploads\/2019\/10\/Lelt\u00e1roz\u00e1si-selejtez\u00e9si-szab\u00e1lyzat-2019.pdf\">Lelt\u00e1roz\u00e1si, selejtez\u00e9si szab\u00e1lyzat 2019<\/a><\/div>\r\n\r\n\r\n\r\n<div class=\"wp-block-file\" style=\"text-align: center;\"><a href=\"http:\/\/konyvtar.zamardi.hu\/wp-content\/uploads\/2021\/09\/5.sz_.melleklet-Konyvtarhasznalati-szabalyzat-2018jav.pdf\">5.sz.mell\u00e9klet K\u00f6nyvt\u00e1rhaszn\u00e1lati szab\u00e1lyzat 2018 jav<\/a><\/div>\r\n\r\n\r\n\r\n<div class=\"wp-block-file\" style=\"text-align: center;\"><a href=\"http:\/\/konyvtar.zamardi.hu\/wp-content\/uploads\/2018\/12\/6sz_mell\u00e9klet-A-k\u00f6nyvt\u00e1r-nyitvatart\u00e1si-rendje-2018.pdf\">6sz_mell\u00e9klet A k\u00f6nyvt\u00e1r nyitvatart\u00e1si rendje 2018<\/a><\/div>\r\n\r\n\r\n\r\n<div class=\"wp-block-file\" style=\"text-align: center;\"><a href=\"http:\/\/konyvtar.zamardi.hu\/wp-content\/uploads\/2018\/12\/2sz_mell\u00e9klet-Gy\u0171jt\u0151k\u00f6ri-szab\u00e1lyzat-2018.pdf\">2sz_mell\u00e9klet Gy\u0171jt\u0151k\u00f6ri szab\u00e1lyzat 2018<\/a><\/div>\r\n","protected":false},"excerpt":{"rendered":"<p>\u00a0<\/p>\n","protected":false},"author":1,"featured_media":0,"parent":0,"menu_order":0,"comment_status":"closed","ping_status":"closed","template":"","meta":{"footnotes":""},"class_list":["post-87","page","type-page","status-publish","hentry"],"_links":{"self":[{"href":"https:\/\/konyvtar.zamardi.hu\/index.php?rest_route=\/wp\/v2\/pages\/87","targetHints":{"allow":["GET"]}}],"collection":[{"href":"https:\/\/konyvtar.zamardi.hu\/index.php?rest_route=\/wp\/v2\/pages"}],"about":[{"href":"https:\/\/konyvtar.zamardi.hu\/index.php?rest_route=\/wp\/v2\/types\/page"}],"author":[{"embeddable":true,"href":"https:\/\/konyvtar.zamardi.hu\/index.php?rest_route=\/wp\/v2\/users\/1"}],"replies":[{"embeddable":true,"href":"https:\/\/konyvtar.zamardi.hu\/index.php?rest_route=%2Fwp%2Fv2%2Fcomments&post=87"}],"version-history":[{"count":13,"href":"https:\/\/konyvtar.zamardi.hu\/index.php?rest_route=\/wp\/v2\/pages\/87\/revisions"}],"predecessor-version":[{"id":225,"href":"https:\/\/konyvtar.zamardi.hu\/index.php?rest_route=\/wp\/v2\/pages\/87\/revisions\/225"}],"wp:attachment":[{"href":"https:\/\/konyvtar.zamardi.hu\/index.php?rest_route=%2Fwp%2Fv2%2Fmedia&parent=87"}],"curies":[{"name":"wp","href":"https:\/\/api.w.org\/{rel}","templated":true}]}}